{"id":30,"date":"2025-08-06T12:56:33","date_gmt":"2025-08-06T10:56:33","guid":{"rendered":"https:\/\/macsafety.es\/?page_id=30"},"modified":"2025-08-06T14:58:34","modified_gmt":"2025-08-06T12:58:34","slug":"conocenos","status":"publish","type":"page","link":"https:\/\/macsafety.es\/index.php\/conocenos\/","title":{"rendered":"Con\u00f3cenos"},"content":{"rendered":"<p>[et_pb_section fb_built=\u00bb1&#8243; theme_builder_area=\u00bbpost_content\u00bb _builder_version=\u00bb4.27.4&#8243; _module_preset=\u00bbdefault\u00bb][et_pb_row _builder_version=\u00bb4.27.4&#8243; _module_preset=\u00bbdefault\u00bb theme_builder_area=\u00bbpost_content\u00bb][et_pb_column _builder_version=\u00bb4.27.4&#8243; _module_preset=\u00bbdefault\u00bb type=\u00bb4_4&#8243; theme_builder_area=\u00bbpost_content\u00bb][et_pb_text _builder_version=\u00bb4.27.4&#8243; _module_preset=\u00bbdefault\u00bb theme_builder_area=\u00bbpost_content\u00bb hover_enabled=\u00bb0&#8243; sticky_enabled=\u00bb0&#8243; custom_padding=\u00bb||3px|||\u00bb]<\/p>\n<section class=\"pt8 pb0\">\n<div class=\"container\">\n<div class=\"row s_nb_column_fixed\">\n<div class=\"col-lg-12 s_title pt16 pb4\" data-snippet=\"s_title\">\n<h1 class=\"text-center\" style=\"text-align: center;\"><strong>Acerca de<\/strong><\/h1>\n<h3 class=\"text-muted text-center pt16\" style=\"text-align: center;\"><strong>MAC Safety sistemas de seguridad industrial<\/strong><\/h3>\n<\/div>\n<\/div>\n<\/div>\n<\/section>\n<section class=\"pb4 pt0\">\n<div class=\"container\">\n<div class=\"row s_nb_column_fixed\">\n<div class=\"s_title pb0 col-lg-12 pt8\" data-snippet=\"s_title\">\n<h2 class=\"s_title_default pt0 pb0\" style=\"text-align: center;\"><strong><span class=\"o_default_snippet_text\">Misi\u00f3n, visi\u00f3n y valores<\/span><\/strong><\/h2>\n<\/div>\n<\/div>\n<\/div>\n<\/section>\n<p>[\/et_pb_text][\/et_pb_column][\/et_pb_row][et_pb_row _builder_version=\u00bb4.27.4&#8243; _module_preset=\u00bbdefault\u00bb theme_builder_area=\u00bbpost_content\u00bb][et_pb_column _builder_version=\u00bb4.27.4&#8243; _module_preset=\u00bbdefault\u00bb type=\u00bb4_4&#8243; theme_builder_area=\u00bbpost_content\u00bb][et_pb_text _builder_version=\u00bb4.27.4&#8243; _module_preset=\u00bbdefault\u00bb theme_builder_area=\u00bbpost_content\u00bb hover_enabled=\u00bb0&#8243; sticky_enabled=\u00bb0&#8243; custom_margin=\u00bb-100px|||||\u00bb]<\/p>\n<section class=\"s_text_image pt8 pb8\" data-snippet=\"s_text_image\">\n<div class=\"container\">\n<div class=\"row align-items-center\">\n<div class=\"col-lg-6 pb16 pt8\">\n<p><span style=\"color: #333333;\"><strong>Somos un equipo de profesionales al servicio de la Seguridad de las personas, la maquinaria, las l\u00edneas productivas y los equipos de trabajo en la industria de cualquier sector y operando en el sector industrial desde el a\u00f1o 2002.<\/strong><\/span><\/p>\n<p><span style=\"color: #333333;\"><strong>Fabricantes de Vallado Perimetral y Sistemas de Protecciones. Expertos en Ingenier\u00eda en Seguridad, automatizaci\u00f3n y electromec\u00e1nica, as\u00ed como en el dise\u00f1o de proyectos PTI, su ejecuci\u00f3n e instalaci\u00f3n. Siempre en cumplimiento de la Normativa de Seguridad Europea y Directiva Maquinaria 2006\/42\/CE. Realizamos proyectos \u201cLlaves en Mano\u201d, aportando una soluci\u00f3n integral.<\/strong><\/span><\/p>\n<p><span style=\"color: #333333;\"><strong>Ofrecemos soluciones integrales en seguridad industrial, sistemas de protecci\u00f3n para maquinaria, sistemas anti-ca\u00edda y automatizaci\u00f3n para almacenes log\u00edsticos.<\/strong><\/span><\/p>\n<p><span style=\"color: #333333;\"><strong>Ingenier\u00eda en Seguridad, Consultor\u00eda y Certificaci\u00f3n. Soluciones llave en mano. Certificado CE, en conformidad con la Directiva de Maquinaria 42\/2006.<\/strong><\/span><\/p>\n<p><strong style=\"color: #333333; font-size: 14px;\">Inspirar a las industrias para crear un entorno de trabajo saludable, seguro y eficiente. Entender exactamente lo que una empresa necesita para ser segura y ofrecer exactamente la soluci\u00f3n en seguridad m\u00e1s adecuada, eficiente y rentable.<\/strong><\/p>\n<p><strong style=\"color: #333333; font-size: 14px;\">Nuestra visi\u00f3n es implantar vallados y soluciones en seguridad industrial. Trabajamos para que MAC Safety crezca con la misma honestidad e integridad que con la que creamos nuestros productos, pensando en la seguridad como un estilo de vida.<\/strong><\/p>\n<\/div>\n<\/div>\n<\/div>\n<\/section>\n<p>[\/et_pb_text][\/et_pb_column][\/et_pb_row][\/et_pb_section]<\/p>\n","protected":false},"excerpt":{"rendered":"<p>Acerca de MAC Safety sistemas de seguridad industrial Misi\u00f3n, visi\u00f3n y valores Somos un equipo de profesionales al servicio de la Seguridad de las personas, la maquinaria, las l\u00edneas productivas y los equipos de trabajo en la industria de cualquier sector y operando en el sector industrial desde el a\u00f1o 2002. Fabricantes de Vallado Perimetral [&hellip;]<\/p>\n","protected":false},"author":1,"featured_media":0,"parent":0,"menu_order":0,"comment_status":"closed","ping_status":"closed","template":"","meta":{"_et_pb_use_builder":"on","_et_pb_old_content":"","_et_gb_content_width":"","footnotes":""},"class_list":["post-30","page","type-page","status-publish","hentry"],"_links":{"self":[{"href":"https:\/\/macsafety.es\/index.php\/wp-json\/wp\/v2\/pages\/30","targetHints":{"allow":["GET"]}}],"collection":[{"href":"https:\/\/macsafety.es\/index.php\/wp-json\/wp\/v2\/pages"}],"about":[{"href":"https:\/\/macsafety.es\/index.php\/wp-json\/wp\/v2\/types\/page"}],"author":[{"embeddable":true,"href":"https:\/\/macsafety.es\/index.php\/wp-json\/wp\/v2\/users\/1"}],"replies":[{"embeddable":true,"href":"https:\/\/macsafety.es\/index.php\/wp-json\/wp\/v2\/comments?post=30"}],"version-history":[{"count":3,"href":"https:\/\/macsafety.es\/index.php\/wp-json\/wp\/v2\/pages\/30\/revisions"}],"predecessor-version":[{"id":62,"href":"https:\/\/macsafety.es\/index.php\/wp-json\/wp\/v2\/pages\/30\/revisions\/62"}],"wp:attachment":[{"href":"https:\/\/macsafety.es\/index.php\/wp-json\/wp\/v2\/media?parent=30"}],"curies":[{"name":"wp","href":"https:\/\/api.w.org\/{rel}","templated":true}]}}